222 (base 3) to base 4.
-1333310
a3b (base 14) to base 13
bbb
What is 2110 (base 5) in base 10?
280
What is 123 (base 9) in base 12?
86
Convert -7913 (base 13) to base 7.
-100214
105221 (base 6) to base 5
241231
19 (base 15) to base 11
22
Convert -1a957 (base 11) to base 16.
-71ae
Convert ee26 (base 15) to base 7.
300021
-20210033 (base 4) to base 9
-53115
Convert -155360 (base 7) to base 10.
-30716
2406 (base 10) to base 9
3263
Convert -32001 (base 4) to base 9.
-1206
-3038 (base 10) to base 13
-14c9
-1015 (base 9) to base 4
-23213
Convert 3474 (base 9) to base 4.
220102
Convert 80 (base 16) to base 2.
10000000
-22133 (base 5) to base 10
-1543
Convert -16632 (base 7) to base 8.
-11250
Convert -47595 (base 10) to base 12.
-23663
-68b (base 12) to base 4
-33023
Convert 152325 (base 6) to base 2.
11100111011101
Convert 2144240 (base 5) to base 3.
1220100212
What is -10003 (base 4) in base 11?
-216
Convert -6263 (base 8) to base 15.
-e6b
Convert 10001011100001 (base 2) to base 12.
5201
13000 (base 4) to base 13
286
What is -1133002 (base 4) in base 10?
-6082
Convert 327 (base 12) to base 5.
3323
What is -137b (base 16) in base 7?
-20353
Convert -2b3 (base 14) to base 12.
-399
Convert -1625 (base 7) to base 5.
-10111
3300 (base 8) to base 9
2330
-15670 (base 8) to base 14
-282c
What is 742 (base 16) in base 3?
2112211
Convert 22313030 (base 4) to base 2.
1010110111001100
What is -4400 (base 6) in base 3?
-1101100
22211 (base 4) to base 15
302
-20aa1 (base 12) to base 16
-a819
What is -175 (base 10) in base 13?
-106
-539 (base 11) to base 12
-45b
What is 195aa (base 11) in base 9?
41453
Convert 51824 (base 9) to base 7.
201502
17203 (base 9) to base 16
2e35
-205 (base 11) to base 4
-3313
Convert 12211331 (base 4) to base 3.
1101001012
287 (base 16) to base 6
2555
What is -37 (base 9) in base 11?
-31
Convert -360 (base 7) to base 15.
-c9
Convert -111001110110 (base 2) to base 8.
-7166
Convert 1010100 (base 2) to base 15.
59
-44340 (base 5) to base 6
-22155
Convert -1538 (base 9) to base 16.
-491
289 (base 10) to base 2
100100001
Convert -1312 (base 12) to base 7.
-6224
What is -3318 (base 10) in base 12?
-1b06
Convert 117ba (base 12) to base 10.
23614
Convert -2222133 (base 4) to base 3.
-112222010
976c (base 16) to base 14
101ac
What is e50 (base 15) in base 11?
2472
What is -437 (base 12) in base 3?
-211221
What is -1349 (base 12) in base 10?
-2217
What is 1400 (base 8) in base 6?
3320
-253 (base 12) to base 13
-210
What is a13 (base 13) in base 3?
2100012
Convert -122221 (base 4) to base 12.
-ba1
What is -d566 (base 16) in base 2?
-1101010101100110
What is 230 (base 13) in base 4?
11321
Convert 23224 (base 5) to base 11.
12a6
Convert 1223231 (base 4) to base 8.
15355
What is 1074 (base 9) in base 10?
796
-c99 (base 15) to base 12
-1790
What is b27 (base 16) in base 13?
13b8
12821 (base 9) to base 6
104114
Convert 10211 (base 3) to base 9.
124
-178 (base 16) to base 6
-1424
What is 1475 (base 8) in base 14?
433
Convert 201102 (base 3) to base 4.
20030
What is 1010001001 (base 2) in base 6?
3001
22344 (base 7) to base 4
1120203
28a4 (base 13) to base 10
5880
Convert 757 (base 9) to base 8.
1153
11752 (base 8) to base 11
3915
What is -24451 (base 6) in base 2?
-111000101111
What is -930 (base 15) in base 2?
-100000010110
What is 113a (base 14) in base 15?
d47
Convert 13121 (base 4) to base 16.
1d9
What is 3031011 (base 4) in base 11?
9952
a239 (base 11) to base 5
413334
Convert -155 (base 7) to base 12.
-75
What is 9011 (base 11) in base 16?
2ed7
Convert -730 (base 10) to base 6.
-3214
What is -3451 (base 8) in base 4?
-130221
30566 (base 7) to base 15
234b
-3754 (base 10) to base 14
-1522
What is -2693 (base 12) in base 13?
-202b
-6555 (base 7) to base 11
-1840
Convert 2173 (base 8) to base 12.
7b7
Convert -e171 (base 16) to base 2.
-1110000101110001
What is 212010 (base 3) in base 9?
763
What is -1344 (base 10) in base 5?
-20334
Convert 1101210 (base 3) to base 6.
4420
What is 135c2 (base 14) in base 2?
1011101010110110
What is 1888 (base 11) in base 15?
a9a
645 (base 11) to base 8
1407
-615 (base 9) to base 15
-235
What is 1115 (base 8) in base 14?
301
325355 (base 7) to base 8
157445
Convert 230213 (base 5) to base 11.
616a
-137ca (base 15) to base 9
-104671
Convert -1202 (base 3) to base 10.
-47
What is -1340 (base 5) in base 16?
-dc
Convert 12cd (base 16) to base 12.
2951
Convert -17027 (base 13) to base 3.
-2020022122
Convert -69 (base 16) to base 6.
-253
What is -1110010011 (base 2) in base 13?
-555
Convert 248 (base 13) to base 8.
616
Convert 14423 (base 5) to base 11.
a26
What is 10570 (base 12) in base 8?
52044
-6031 (base 10) to base 2
-1011110001111
-7b57 (base 14) to base 7
-116340
-603 (base 15) to base 16
-549
Convert -620 (base 8) to base 13.
-24a
What is -11308 (base 11) in base 15?
-4c98
What is 344330 (base 6) in base 3?
1111110200
What is -36515 (base 9) in base 14?
-8cc4
Convert -5111 (base 6) to base 12.
-797
Convert 1525 (base 6) to base 2.
110011101
2022200022 (base 3) to base 14
1291a
What is 610 (base 7) in base 8?
455
Convert -2737 (base 14) to base 12.
-3bb9
Convert -d371 (base 14) to base 2.
-1000111000000111
What is -316 (base 7) in base 14?
-b6
Convert -2122202 (base 3) to base 12.
-1155
What is -21100 (base 11) in base 16?
-780e
-2320 (base 6) to base 3
-202110
4b5 (base 12) to base 2
1011001001
Convert -11000010000 (base 2) to base 5.
-22202
11c42 (base 15) to base 9
85768
Convert 177 (base 10) to base 7.
342
-15078 (base 9) to base 10
-10277
What is c4 (base 13) in base 5?
1120
382 (base 11) to base 14
245
Convert 212220 (base 3) to base 12.
459
What is -376 (base 11) in base 13?
-284
1463 (base 7) to base 5
4314
Convert 471 (base 16) to base 3.
1120010
8788 (base 9) to base 3
22212222
Convert 1010001101 (base 2) to base 6.
3005
-10001311 (base 4) to base 9
-24564
Convert 1001110001100 (base 2) to base 15.
1739
Convert -5255 (base 6) to base 12.
-82b
-56711 (base 8) to base 12
-11a89
What is -12400 (base 7) in base 9?
-4447
What is -272 (base 12) in base 2?
-101110110
What is 11200012 (base 3) in base 13?
1721
What is -113333 (base 4) in base 14?
-7b9
-1001001000010001 (base 2) to base 9
-56257
Convert ac5 (base 16) to base 9.
3703
What is 7683 (base 13) in base 16?
4074
-100111011110100 (base 2) to base 7
-112633
Convert -dd2 (base 14) to base 5.
-41412
8293 (base 12) to base 15
4333
What is 2637 (base 15) in base 13?
3931
Convert -320101 (base 4) to base 7.
-13333
-544 (base 15) to base 14
-60d
Convert -124121 (base 6) to base 11.
-8526
Convert -a65 (base 12) to base 2.
-10111101101
What is -19069 (base 14) in base 11?
-4353a
What is -4521a (base 11) in base 13?
-23a61
Convert b32 (base 12) to base 14.
83c
232 (base 13) to base 16
17b
What is -110101010111 (base 2) in base 7?
-12646
Convert -10222022221 (base 3) to base 15.
-182b4
330 (base 10) to base 7
651
What is 89 (base 13) in base 5?
423
What is 101011110110 (base 2) in base 16?
af6
Convert 124041 (base 5) to base 12.
2a00
Convert 154222 (base 7) to base 2.
111011001011010
Convert -693 (base 15) to base 9.
-2033
What is 5931 (base 10) in base 3?
22010200
What is -10002202212 (base 3) in base 6?
-1150422
-2492 (base 10) to base 2
-100110111100
What is -ad6 (base 16) in base 5?
-42044
What is 2203203 (base 4) in base 15?
317c
What is -20023 (base 4) in base 6?
-2231
324 (base 13) to base 3
201220
Convert 4369 (base 13) to base 9.
13774
12012 (base 4) to base 13
240
111002011 (base 3) to base 8
22477
20567 (base 11) to base 13
10838
What is 595 (base 13) in base 2?
1111000111
201 (base 12) to base 15
144
What is -3655 (base 8) in base 12?
-1179
-4568b (base 12) to base 14
-25a31
What is -1a3 (base 15) in base 13?
-231
Convert 12388 (base 9) to base 10.
8342
What is -1221441 (base 5) in base 15?
-6dd1
827 (base 9) to base 7
1651
-1010111100 (base 2) to base 16
-2bc
8a3 (base 11) to base 16
439
-4134 (base 11) to base 5
-133412
Convert -203344 (base 5) to base 3.
-100020001
Convert -225 (base 10) to base 2.
-11100001
What is -c01 (base 15) in base 10?
-2701
Convert -11202221 (base 3) to base 11.
-2685
Convert -19a91 (base 11) to base 16.
-6d1a
Convert -2c1 (base 15) to base 6.
-2531
51c8 (base 15) to base 9
25638
-277 (base 12) to base 15
-1a4
What is -d71 